{"id":1086,"date":"2021-02-02T17:31:37","date_gmt":"2021-02-02T17:31:37","guid":{"rendered":"http:\/\/responsmedia.no\/?post_type=product&#038;p=1086"},"modified":"2023-02-17T15:31:32","modified_gmt":"2023-02-17T15:31:32","slug":"logitech-meetup-emea","status":"publish","type":"product","link":"https:\/\/responsmedia.no\/index.php\/product\/logitech-meetup-emea\/","title":{"rendered":"LOGITECH MeetUp &#8211; EMEA"},"content":{"rendered":"<h3>DET PERFEKTE CONFERENCECAM FOR SM\u00c5 ROM<\/h3>\n<p>MeetUp er Logitechs ledende ConferenceCam utviklet for sm\u00e5 konferanserom og m\u00f8terom. Bli kvitt rotete kabler rundt b\u00e6rbare datamaskiner. Med 4K-optikk og et utrolig bredt synsfelt p\u00e5 120\u00b0 garanterer MeetUp at alle sitteplassene ved bordet blir med i bildet. Og MeetUps integrerte lyd er optimalisert for akustikken i m\u00f8terom og s\u00f8rger for at alle kan b\u00e5de h\u00f8res og sees.<\/p>\n","protected":false},"excerpt":{"rendered":"<p>DET PERFEKTE CONFERENCECAM FOR SM\u00c5 ROM MeetUp er Logitechs ledende ConferenceCam utviklet for sm\u00e5 konferanserom og m\u00f8terom. Bli kvitt rotete kabler rundt b\u00e6rbare datamaskiner. Med 4K-optikk og et utrolig bredt synsfelt p\u00e5 120\u00b0 garanterer MeetUp at alle sitteplassene ved bordet blir med i bildet. Og MeetUps integrerte lyd er optimalisert for akustikken i m\u00f8terom og [&hellip;]<\/p>\n","protected":false},"featured_media":1087,"template":"","meta":{"site-sidebar-layout":"default","site-content-layout":"default","ast-site-content-layout":"default","site-content-style":"default","site-sidebar-style":"default","ast-global-header-display":"","ast-banner-title-visibility":"","ast-main-header-display":"","ast-hfb-above-header-display":"","ast-hfb-below-header-display":"","ast-hfb-mobile-header-display":"","site-post-title":"","ast-breadcrumbs-content":"","ast-featured-img":"","footer-sml-layout":"","ast-disable-related-posts":"","theme-transparent-header-meta":"default","adv-header-id-meta":"","stick-header-meta":"","header-above-stick-meta":"","header-main-stick-meta":"","header-below-stick-meta":"","astra-migrate-meta-layouts":"default","ast-page-background-enabled":"default","ast-page-background-meta":{"desktop":{"background-color":"","background-image":"","background-repeat":"repeat","background-position":"center center","background-size":"auto","background-attachment":"scroll","background-type":"","background-media":"","overlay-type":"","overlay-color":"","overlay-opacity":"","overlay-gradient":""},"tablet":{"background-color":"","background-image":"","background-repeat":"repeat","background-position":"center center","background-size":"auto","background-attachment":"scroll","background-type":"","background-media":"","overlay-type":"","overlay-color":"","overlay-opacity":"","overlay-gradient":""},"mobile":{"background-color":"","background-image":"","background-repeat":"repeat","background-position":"center center","background-size":"auto","background-attachment":"scroll","background-type":"","background-media":"","overlay-type":"","overlay-color":"","overlay-opacity":"","overlay-gradient":""}},"ast-content-background-meta":{"desktop":{"background-color":"var(--ast-global-color-5)","background-image":"","background-repeat":"repeat","background-position":"center center","background-size":"auto","background-attachment":"scroll","background-type":"","background-media":"","overlay-type":"","overlay-color":"","overlay-opacity":"","overlay-gradient":""},"tablet":{"background-color":"var(--ast-global-color-5)","background-image":"","background-repeat":"repeat","background-position":"center center","background-size":"auto","background-attachment":"scroll","background-type":"","background-media":"","overlay-type":"","overlay-color":"","overlay-opacity":"","overlay-gradient":""},"mobile":{"background-color":"var(--ast-global-color-5)","background-image":"","background-repeat":"repeat","background-position":"center center","background-size":"auto","background-attachment":"scroll","background-type":"","background-media":"","overlay-type":"","overlay-color":"","overlay-opacity":"","overlay-gradient":""}}},"product_brand":[],"product_cat":[57],"product_tag":[],"class_list":{"0":"post-1086","1":"product","2":"type-product","3":"status-publish","4":"has-post-thumbnail","6":"product_cat-logitech-videokonferanse","7":"desktop-align-left","8":"tablet-align-left","9":"mobile-align-left","11":"first","12":"instock","13":"taxable","14":"shipping-taxable","15":"product-type-simple"},"_links":{"self":[{"href":"https:\/\/responsmedia.no\/index.php\/wp-json\/wp\/v2\/product\/1086","targetHints":{"allow":["GET"]}}],"collection":[{"href":"https:\/\/responsmedia.no\/index.php\/wp-json\/wp\/v2\/product"}],"about":[{"href":"https:\/\/responsmedia.no\/index.php\/wp-json\/wp\/v2\/types\/product"}],"wp:featuredmedia":[{"embeddable":true,"href":"https:\/\/responsmedia.no\/index.php\/wp-json\/wp\/v2\/media\/1087"}],"wp:attachment":[{"href":"https:\/\/responsmedia.no\/index.php\/wp-json\/wp\/v2\/media?parent=1086"}],"wp:term":[{"taxonomy":"product_brand","embeddable":true,"href":"https:\/\/responsmedia.no\/index.php\/wp-json\/wp\/v2\/product_brand?post=1086"},{"taxonomy":"product_cat","embeddable":true,"href":"https:\/\/responsmedia.no\/index.php\/wp-json\/wp\/v2\/product_cat?post=1086"},{"taxonomy":"product_tag","embeddable":true,"href":"https:\/\/responsmedia.no\/index.php\/wp-json\/wp\/v2\/product_tag?post=1086"}],"curies":[{"name":"wp","href":"https:\/\/api.w.org\/{rel}","templated":true}]}}